).
2
Let m(b) = 9*b + 136. What is m(-14)?
10
Let b(i) = 8*i**2 + 65*i + 5. Calculate b(-9).
68
Let r(w) = w**3 + 12*w**2 - 1. Determine r(-12).
-1
Let l(s) = -49*s - 682. What is l(-14)?
4
Let h(j) = -j**3 - 7*j**2 + 7*j - 2. What is h(-8)?
6
Let h(r) = -r - 1. Calculate h(-11).
10
Let b(p) = -2*p + 26. Calculate b(11).
4
Let h(k) = -2*k**2 + 6*k - 2. Determine h(5).
-22
Let n(b) = -2*b**2 - 4*b + 5. Give n(0).
5
Let z(k) = -k**3 - 8*k**2 - k + 12. Calculate z(-9).
102
Let t(d) = d**2 + 5*d + 1. Determine t(2).
15
Let h(u) = 3*u - 8. Determine h(7).
13
Let u(m) = -m**3 - 11*m**2 - 16*m - 14. Calculate u(-10).
46
Let s(l) = l**2 + 9*l + 6. Give s(0).
6
Let i(l) = -l**3 + 2*l**2 + l - 2. Give i(-3).
40
Let f(w) = w**2 - 4*w + 16. Calculate f(3).
13
Let r(f) = f**2 - 32*f - 1. Give r(32).
-1
Let x(s) = -96*s + 1826. What is x(19)?
2
Let f(g) = g**2 + 28*g - 33. Determine f(-29).
-4
Let m(b) = -2*b + 26. Calculate m(7).
12
Let a(t) = -t**2 + 27*t + 123. Calculate a(31).
-1
Let l(c) = -c**2 - 4*c + 28. Calculate l(-7).
7
Let x(q) = 2*q - 54. Determine x(25).
-4
Let g(x) = -15*x - 93. Calculate g(-9).
42
Let c(b) = b**3 + 15*b**2 - 39*b - 10. What is c(-17)?
75
Let k(s) = -14*s + 10. Calculate k(-3).
52
Let r(m) = m**3 - 3*m**2 - m. Calculate r(3).
-3
Let p(k) = k**2 - 18*k - 12. Determine p(9).
-93
Let o(s) = -s**3 + 15*s**2 + 37*s - 53. Give o(17).
-2
Let v(k) = -2*k - 40. Give v(-19).
-2
Let b(x) = x**2 + 9*x - 2. Give b(-5).
-22
Let o(i) = -3*i**2 + 2*i - 12. Calculate o(-6).
-132
Let b(n) = -7*n**2 - 40*n + 2. What is b(-6)?
-10
Let h(p) = 4*p + 5. What is h(8)?
37
Let d(k) = -k**2 + 3*k - 9. What is d(4)?
-13
Let s(k) = -3*k + 11. What is s(0)?
11
Let p(w) = 6*w - 73. Give p(12).
-1
Let y(g) = g**2 + 8*g - 6. Determine y(-13).
59
Let a(t) = -t**3 - 7*t**2 + 8*t - 10. What is a(-8)?
-10
Let f(w) = w**2 - 34*w + 56. Give f(33).
23
Let g(j) = j**2 + 30*j - 123. Calculate g(-33).
-24
Let d(v) = v**3 + 3*v**2 + 7*v + 6. Determine d(-4).
-38
Let u(c) = -2*c**3 + 22. Calculate u(0).
22
Let r(a) = 12*a + 314. Give r(-25).
14
Let y(d) = -9*d - 9. Determine y(5).
-54
Let g(z) = -3*z**2 - 47*z + 34. Determine g(-16).
18
Let q(f) = -f + 5. Give q(10).
-5
Let x(p) = -9*p - 456. Give x(-50).
-6
Let w(s) = -s**2 + 27*s - 70. Determine w(22).
40
Let g(l) = l**2 + 5*l + 11. Give g(-3).
5
Let r(u) = 2*u**2 + 34*u - 4. Give r(-17).
-4
Let a(r) = -r**3 - 5*r**2 - 9*r + 11. What is a(-5)?
56
Let z(k) = -10*k - 22. Calculate z(6).
-82
Let d(v) = -19*v + 74. What is d(5)?
-21
Let b(v) = -v**3 - 6*v**2 - 3*v + 11. Determine b(-3).
-7
Let v(l) = l**3 - 4*l**2 - l + 2. Give v(-4).
-122
Let k(y) = 6*y - 20. What is k(3)?
-2
Let x(p) = p**3 + 8*p**2 + 11*p - 6. Give x(-8).
-94
Let x(w) = w**2 + 3*w + 4. What is x(0)?
4
Let d(o) = 4*o**2 + 27*o - 238. Give d(5).
-3
Let y(x) = x**2 + 7*x - 30. Determine y(-9).
-12
Let k(r) = -4*r**2 + 50*r + 17. Give k(12).
41
Let z(f) = -f**3 + 6*f**2 - 3*f + 6. Determine z(5).
16
Let y(q) = 4*q - 8. Calculate y(-10).
-48
Let b(p) = p**2 + 38*p - 87. Give b(-40).
-7
Let u(r) = r**2 - r. Calculate u(2).
2
Let b(x) = -4*x - 15. What is b(-10)?
25
Let v(c) = -c**3 + 6*c**2 + 3*c - 3. What is v(6)?
15
Let u(q) = 2*q**2 - 3*q + 1. Determine u(-4).
45
Let k(i) = 4*i - 7. Determine k(3).
5
Let m(q) = -q**2 - 16*q - 18. Determine m(-15).
-3
Let p(x) = -x**3 - 25*x**2 + 53*x - 34. What is p(-27)?
-7
Let r(n) = -n**2 - 14*n - 35. Give r(-6).
13
Let w(l) = l**2 + l + 17. Determine w(0).
17
Let p(g) = g - 43. Give p(-5).
-48
Let y(k) = k**2 - 5*k - 8. What is y(6)?
-2
Let t(f) = -f**3 + 6*f**2 + 5*f - 4. Give t(7).
-18
Let p(o) = o**3 - 8*o**2 + 6*o + 9. Calculate p(7).
2
Let i(y) = -3*y + 24. Calculate i(8).
0
Let j(t) = t**2 + 17*t + 78. Determine j(-8).
6
Let z(y) = y**2 - 10*y + 11. Calculate z(8).
-5
Let b(d) = -9*d**3 - 2*d**2 + 1. What is b(1)?
-10
Let l(j) = -j**3 + 4*j**2 + 4*j + 13. What is l(5)?
8
Let j(k) = 33*k**3 + 1. What is j(1)?
34
Let q(m) = m**2 + 15*m - 21. What is q(-16)?
-5
Let q(g) = -g**2 + 10. Calculate q(0).
10
Let j(r) = -17*r - 226. Determine j(-14).
12
Let r(q) = 2*q**2 + q - 172. What is r(11)?
81
Let w(u) = -6*u - 2. Calculate w(-3).
16
Let y(q) = q**3 + q**2 + q - 5. What is y(0)?
-5
Let l(a) = 11*a + 18. Determine l(-7).
-59
Let a(s) = -s**2 - s - 6. Determine a(-2).
-8
Let l(i) = 2*i**3 + 7*i**2 + 6*i + 6. Determine l(-4).
-34
Let a(m) = -7*m + 8. Calculate a(3).
-13
Let r(a) = -2*a - 68. Give r(-19).
-30
Let v(c) = c**3 + 8*c**2 + 4*c + 6. Determine v(-5).
61
Let h(u) = -u**3 + 5*u**2 - 7*u + 11. Give h(5).
-24
Let o(u) = 4*u**2 - 1. Give o(1).
3
Let k(q) = -20*q - 1035. Give k(-52).
5
Let b(d) = -d**3 + d**2 - 2*d - 10. Give b(0).
-10
Let g(x) = -5*x - 130. Calculate g(-20).
-30
Let t(q) = -6*q**3 + 2*q**2 - 4*q + 1. Give t(2).
-47
Let o(q) = -4*q**2 - 39*q - 87. Calculate o(-3).
-6
Let p(b) = b**3 - 4*b**2 + 9*b - 7. Determine p(4).
29
Let p(u) = -u**3 - u**2 + 11*u - 4. Determine p(-4).
0
Let v(k) = -4*k - 5. Determine v(-12).
43
Let v(p) = -p**2 - 30*p - 195. Determine v(-19).
14
Let r(z) = 2*z + 7. Calculate r(0).
7
Let s(c) = 5*c + 45. What is s(-19)?
-50
Let y(k) = -k**3 + 8*k**2 - 10*k - 8. What is y(6)?
4
Let s(j) = -j**3 - 7*j**2 - 11*j - 2. Give s(-5).
3
Let n(r) = -r**3 - 3*r**2 + 6*r + 2. What is n(-5)?
22
Let r(j) = -24*j. Determine r(2).
-48
Let z(r) = r**3 + 4*r**2 - 6*r. Give z(-5).
5
Let z(j) = -j**2 + j + 5. Calculate z(4).
-7
Let y(g) = g**2 - 11*g + 16. Calculate y(7).
-12
Let d(q) = -q - 17. Give d(0).
-17
Let t(f) = -8*f - 25. Calculate t(-2).
-9
Let j(r) = r**2 + 6*r - 14. What is j(-13)?
77
Let g(h) = -h**2 + 18*h - 34. What is g(15)?
11
Let n(b) = -b**3 - 4*b**2 + 11*b + 19. Give n(-6).
25
Let n(c) = -c**3 - 4*c**2 + 7*c. Determine n(-5).
-10
Let l(m) = m**3 + 13*m**2 - 8*m + 1. Calculate l(-14).
-83
Let j(t) = 12*t**3 - 2*t + 1. What is j(1)?
11
Let u(g) = 2*g**3 - 72*g**2 - 75*g + 20. What is u(37)?
-17
Let w(x) = x**3 - 4*x**2 + 4*x - 4. Give w(5).
41
Let r(w) = -3*w - 7. Calculate r(-5).
8
Let s(l) = -l**3 - 6*l**2 - 7*l + 2. Calculate s(-5).
12
Let c(q) = 2*q - 39. What is c(23)?
7
Let a(m) = -210*m + 623. What is a(3)?
-7
Let j(z) = -z**2 - 4*z. Determine j(-5).
-5
Let b(u) = u**2 + 12*u + 22. Give b(-6).
-14
Let f(c) = c**3 + 10*c**2 + 10*c + 6. Give f(-8).
54
Let h(g) = -g**3 - 6*g**2 - 3*g + 11. Give h(-6).
29
Let v(o) = o**2 + 7*o + 15. What is v(-6)?
9
Let x(q) = -6*q**2 + 12*q. Determine x(1).
6
Let g(i) = 3*i**2 + i - 3. Give g(2).
11
Let d(m) = -m**2 + 5*m - 3. Give d(3).
3
Let c(n) = -4*n + 50. Give c(9).
14
Let o(j) = -j**3 - 6*j**2 - 2*j - 5. Determine o(-6).
7
Let a(q) = q**3 - 5*q**2 - 15*q + 3. What is a(7)?
-4
Let h(l) = -2*l**3 + 17*l**2 - 5*l - 25. Calculate h(8).
-1
Let j(n) = -n**3 + 7*n**2 - n + 1. What is j(7)?
-6
Let x(d) = 82*d + 85. Determine x(-1).
3
Let g(d) = 3*d + 14. Determine g(-6).
-4
Let p(s) = s**3 - 26*s**2 - 53*s - 5. Determine p(28).
79
Let m(d) = -d**3 + 25*d**2 + 26*d + 4. Calculate m(26).
4
Let o(x) = x**2 + 6*x + 9. Determine o(-6).
9
Let t(f) = -2*f**2 - 4*f - 7. Determine t(-2).
-7
Let v(h) = h**2 + 13*h + 4. What is v(-13)?
4
Let n(d) = d**3 - 6*d**2 + 4*d - 12. Calculate n(6).
12
Let f(j) = -j**2 - 9*j + 32. Give f(3).
-4
Let c(r) = 5*r - 18. What is c(4)?
2
Let l(h) = 14*h - 16. Give l(-2).
-44
Let q(v) = 4*v**2 + 2*v + 1. What is q(4)?
73
Let p(j) = j**2 + 14*j. Calculate p(-9).
-45
Let w(z) = -6*z - 62. What is w(-8)?
-14
Let b(f) = -4*f - 142. Determine b(-37).
6
Let b(s) = -3*s - 40. Calculate b(6).
-58
Let a(l) = 2*l**3 + 26*l**2 - 7*l + 19. Calculate a(-13).
110
Let l(g) = 3*g**2 + 2*g + 1. Give l(3).
34
Let z(g) = g**3 - 3*g + 8. What is z(0)?
8
Let r(y) = y**3 - 8*y**2 + 8*y + 5. Calculate r(7).
12
Let c(u) = -4*u + 2. What is c(5)?
-18
Let f(l) = -l**3 - 4. Determine f(0).
-4
Let f(m) = -2*m**2 + 24*m + 18. What is f(13)?
-8
Let t(w) = -w**2 - 13*w + 3. Calculate t(-15).
-27
Let d(x) = x**2 - 55*x - 51. What is d(56)?
5
Let i(n) = -n**3 + 9*n**2 - 4*n + 3. Determine i(7).
73
Let o(t) = 36*t**2 + 215*t - 7. Give o(-6).
-1
Let j(f) = -2*f**2 + 28*f - 4. Determine j(13).
22
Let p(k) = 7*k**2 - 2*k. Give p(1).
5
Let g(i) = -2*i**3 + 11*i**2 + 7*i - 13. What is g(6)?
-7
Let k(t) = 7*t - 180. Give k(24).
-12
Let d(p) = p**3 - 14*p*